(-5 - -3) + -133 + 150.
-70
What is 0 + (6 - 1) + -5 + (-9 - (-21 + 10))?
2
What is 1 - (2266 - 2235 - (1 - -4 - (-1 - -1)))?
-25
Calculate -7 + 14 + 28 + (-15 - (6 - 10)).
24
Calculate (1 + -1 - (30 - 16)) + 199 + (43 - 115).
113
Evaluate (-5 - (38 - 31)) + -5 + (24 - 1).
6
45 - 87 - (6 + -6 + -27)
-15
What is the value of 5 - (1 - 1 - (-48 + (18 + -4 - 16)))?
-45
Evaluate -12 + 0 - -18 - (-1 - -36).
-29
What is the value of (1 - (-23 + -47)) + -92?
-21
Calculate -104 + (3 - -25) + 17.
-59
What is the value of -33 - (-91 + 19 + 157)?
-118
(113 - 29) + 6 + -156
-66
Calculate (-9 - 1) + -96 + (38 - 8) + 5 + -13.
-84
Calculate -13 - (11 - (-5 - -14)) - (-13 + -11).
9
Calculate (-155 - -143) + -4 + (27 - 5).
6
What is the value of -13 + (1 - -6) + (-3 - 44) + 2?
-51
(-14 - -1 - (5 + (-3 - 6))) + 1 - -58
50
Evaluate -24 + 703 + -682 + (-7 - 1).
-11
What is 8 + (-1 - 2) - (157 + -157)?
5
What is -39 - -30 - (52 + -12)?
-49
Calculate -72 + 187 - ((6 + -15 - 3) + -8).
135
Calculate -38 + (10 - (-1 - 4)) - -69.
46
What is 4 - ((11 - -3) + -6 + -5 + 6 - 35)?
30
Evaluate 29 - -2 - (23 - 0) - 69.
-61
Evaluate (-3 - 11) + 15 - (84 - 53).
-30
-497 + 528 + (117 - (15 - 4))
137
What is -59 + 42 + (9 - (11 - 4)) + 22?
7
(5 - (4 - 5)) + (9 - -12) + 13
40
27 + (-16 - 24) + -14 + -14
-41
-2 - 1 - (-687 + 648)
36
What is 0 - -5 - (-17 + (13 - 9) + 29)?
-11
Evaluate (0 - 18) + -3068 + 3048.
-38
63 - (-20 + (69 - -18))
-4
Evaluate 28 - (159 + -89 - -8).
-50
-14 - -5 - (28 - (55 + -32))
-14
0 + -18 + -49 + (277 - 159)
51
Evaluate -7 - -6 - (-450 + 401).
48
Evaluate -3 + (-29 - -9) - (-47 - 42) - (0 - 9).
75
What is the value of 65 - (18 - 22 - (-2 - 15))?
52
What is the value of 2 + -85 + (194 - 108) + -63?
-60
-43 + 42 + (-20 - -6) + 16 + (0 - 3)
-2
Calculate 1 - (14 - 5) - ((-9 - -11) + -52).
42
Evaluate 43 + -36 + 60 + 14.
81
What is -48 - (-12 - (-16 - -34 - 24))?
-42
What is -167 + -36 + 71 + 19?
-113
(42 - (31 - -39)) + 2 - 48
-74
3 + -1 + (-65 - (0 + (0 + 0 - -4)))
-67
What is the value of (2 + -20 - (54 - 82)) + -8?
2
Calculate -74 - (-232 + 220 + 4 + (-15 - 2) + 15).
-64
What is the value of -2 + 1 + (0 - 5) - (-713 + 676) - 14?
17
Calculate (-21 + 31 + -39 - -48) + (-2 - 13).
4
What is 15 + -6 - ((0 - -2 - -58) + -195 + 204)?
-60
0 + (4 - -37) - 30
11
What is 49 + -28 + 24 + -48?
-3
Evaluate -26 + 12 + 10 + 15 + 2.
13
Calculate 8 + 24 + -3 + (0 - 22).
7
What is (1 - 3) + -1 + (12 - (-5 + 29 + 6))?
-21
What is the value of (109 - (0 - -43)) + -50?
16
Evaluate -10 - (6 - 0) - (69 + -194).
109
Calculate -146 - (-178 - -141 - (1 - 20)).
-128
Evaluate 246 + -227 + (-16 - -16 - (-1 + -2)).
22
74 - (58 - (78 - 50))
44
What is (-490 - -528) + 3 + -91?
-50
39 - (-40 + 65 + 28)
-14
What is the value of -4 + (18 - (-6 + 4 + -39)) - 11?
44
What is (1 - -7) + -68 + (101 - 82)?
-41
Evaluate 56 + 15 + -39 + -10.
22
What is the value of (-39 - 6 - -46) + 9 + 2?
12
-21 - ((16 - 13) + -13) - -5 - 64
-70
Calculate (3 - (-10 + 8)) + 45 - (30 + -30).
50
Calculate 86 + (-15 - 18) - 138.
-85
-27 + (-1 - (-285 + 272 + (1 - -1)))
-17
59 - (17 - (31 - (14 - 19))) - (-11 - 4)
93
-18 + 3 + 2 + -645 + 646
-12
What is the value of -1 + 7 + (-86 - -28) + (-54 - -64)?
-42
Evaluate 36 + ((1 - 41) + 35 - 23).
8
Evaluate -17 - ((12 + -1 - (111 + -101)) + -11) - -24.
17
-276 - -263 - (-16 + 38 + (4 - 0))
-39
What is the value of 39 - (3 + (12 - 0)) - (-28 - -16)?
36
Evaluate 2 - (-19 - (81 + -62)).
40
Calculate -41 + -1 + (2468 - 2481).
-55
What is -16 + -13 + 29 - (-85 + -5 + 20)?
70
What is -31 + -2 + 0 + (134 - 137) + -14?
-50
-27 - (5 - (29 - -13))
10
Evaluate 580 + -559 - (-5 + (1 - -1)).
24
What is 5 + -13 - (-4 - -5) - (5 + -16)?
2
Calculate (-45 - (-59 + -3)) + 3 + 0.
20
What is -929 - -746 - (20 + -102)?
-101
What is the value of (-104 - (-143 - -86)) + 143?
96
What is 40 + -70 - -34 - (-14 + (3 - (2 + -4)))?
13
What is the value of (-17 - -46) + (-18 + (1 - -7) - 4)?
15
-27 - (-20 - -23) - -56
26
Calculate 22 + (-12 - ((-11 - 1) + 0 - -1)).
21
Calculate -73 + 18 - -60 - (28 - 2).
-21
Calculate (0 - 19) + (314 - 338).
-43
Calculate 14 - ((-1 - 15 - (187 + -203)) + 20).
-6
Calculate 77 - ((-18 - 55) + 84).
66
Calculate -212 - (-200 + 2) - (2 + -13).
-3
-542 - -667 - (162 + 3)
-40
What is the value of 14 - (27 + -13 - (6 + 1 + -59))?
-52
Evaluate 40 - (-11 + 85 + 19).
-53
What is the value of -65 - ((-42 - -87) + -54)?
-56
Calculate -38 - -16 - -10 - 33 - -6 - (-1 + -2).
-36
What is the value of (2 - 5) + -14 + -33 + 0 + (32 - 41)?
-59
What is (441 - 430) + (-7 - -1) - (-3 + 70 + -1)?
-61
(10 - 58) + (26 - 11) + 5
-28
Evaluate -56 - (-58 + -51 + 26).
27
What is the value of -2 - -11 - (26 - 29 - -17 - 10)?
5
Evaluate 18 + 0 + 1 - ((22 - 80) + 84).
-7
What is the value of 17 - (-2 + -36 - -98) - -37?
-6
What is -2 + 57 - (-118 + (-85 - -229))?
29
Calculate 4 - -3 - -3 - (-16 + 11).
15
Evaluate -118 - -130 - (37 - (2 - 9)).
-32
What is 3 + -17 + 56 + -12 + 2 + -6?
26
What is the value of -44 + (-68 - (-98 + 39))?
-53
-66 + (-12 - (41 + -60)) + (1 - 2) + 3
-57
-66 + (5 - -59) - (-5 - (15 + 3))
21
What is 2 + (3 - (8 + -12)) - (-1 - (2 - -23))?
35
What is -7 + (-17 + 24 - 92) - (1 + -2 + 2)?
-93
What is 6 - (12 + -9 + -10 + 59)?
-46
What is the value of -179 - -186 - (-1 + -27)?
35
-114 + (19 + 61 - 29)
-63
Evaluate -3 - (-42 - (-13 - 42)).
-16
What is the value of -7 + 7 + (8 - 28) + 6?
-14
0 + (5 - 45) - (202 + -203)
-39
Evaluate 49 + -20 + -19 + 4 - 43.
-29
What is -1 + -23 + (6 - 22 - -16) + 8?
-16
Calculate -4 + (-4 + 1 - 2) + (-19 - 5 - -17).
-16
What is the value of (3 - 2) + (-14 + 48 - 18) + -40?
-23
Evaluate -4 + -21 + 25 + -5 + 12.
7
What is the value of -5 - (-13 - 6) - (-9 - (-1 + -18 + 10))?
14
What is the value of -4 + -9 + 23 + (14 - 75)?
-51
What is -8 + (-22 - -29) + (19 - -2) + 1?
21
What is the value of -9 + (-181 - -244) + 15 + 2 + 2?
73
Calculate -4 + (69 + -77 - (3 + -1)) - (124 + -51).
-87
Evaluate -2650 + 2634 + (2 - (1 + -9)).
-6
What is (-14 - (4 + (11 - (-9 + 16)) + -15)) + 0?
-7
Calculate 2 - -6 - ((31 - 9) + -5 + -22).
13
Evaluate -1 + 30 + -1276 + 1254.
7
Calculate 3 - 44 - (-78 + 81) - 58.
-102
Calculate -9 + (2 + 33 - ((-15 - (-13 + 3)) + 8)).
23
Calculate 0 - (-37 - -13) - 13 - -13.
24
Evaluate 124 + -112 + 101 + -169.
-56
What is (-18 - 3) + 110 + -77?
12
Calculate 0 - ((-26 - -39) + -30) - -34.
51
What is 15 - (2 + 2) - (33 + (-19 - -5))?
-8
(-94 - (16 - 27)) + 30 + -6
-59
2 + -3 + -37 - ((2 - (11 + 4)) + 14)
-39
What is -31 - (-2 + (6 - -5) + -3 + 1 - 17)?
-21
What is -348 + 325 + 200 - (28 + 0)?
149
What is (30 - 17) + -64 - 12?
-63
What is (74 - -9) + 30 - (-11 - (-12 + 3))?
115
Calculate -17 + 3 + 136 + 23 + -58.
87
-5 + (31 - 47) - (41 + -8)
-54
Evaluate 0 - ((-3 + 2 - 7) + (116 - 114)).
6
What is (2 - -45) + (-2584 - -2577)?
40
What is -12 + 23 + 2 + -24 + 5 + 7?
1
Calculate 199 + -154 + (-83 - -6).
-32
Evaluate 3 + 38 + -55 + 49 + (0 - -11).
46
What is the value of (-8 - (29 + -10)) + 6?
-21
What is 115 + (-48 - 116) - -136?
87
What is the value of 14 + -17 - -19 - (25 + -56)?
47
What is -11 + 17 + -13 + -87 + (14 - -5)?
-75
What is (28 + 0 - 5) + (53 - 59 - 61)?
-44
-98 + (13 - 2) + -4 + 16 - -9
-66
Calculate 17 + 95 - 103 - (1 - (-4 - -3 - 34)).
-27
Evaluate 0 - 7 - (-12 + (21 - (23 + -50 + 43))).
0
What is the value of -96 + 2 - ((85 - 261) + 150)?
-68
What is the value of 37 + (-7 + 2 + 5 + 13 - (73 - 55))?
32
Evaluate (51 - 26) + -19 + (-82 - (-10 + 2)).
-68
Calculate (-13 - -2) + (194 - 170) + 4 + -3 - -5.
19
Evaluate -35 + 8 + (14 + -23 + 18 - 0).
-18
What is the value of (-121 - -91) + (6 - -15) - (-34 + 1)?
24
Calculate 14 - (-1 - -1) - (1 - (15 - (-39 - -39))).
28
Calculate -20 - 1 - (4181 + -4174).
-28
-14 - ((-70 - 5) + 24)
37
What is -87 - (-15 + -2 + (22 - (14 - 2)))?
-80
(211 - 247) + ((-2 - 1) + 13 - 3)
-29
What is the value of -31 - -179 - (4 + 1 + 25 + -25)?
143
-4 + -1 + -1 - ((-17 - -42) + -91 - 4)
64
Evaluate 43 + 34 + (-34 - (-42 + 32)).
53
What is the value of -45 + (-4 - (9 + (0 - (22 + -13) - 6)))?
-43
What is the value of 56 - (-44 + 33 + 6 + (-1 + -1 - -15))?
48
Calculate 88 + -84 + (10 - 1) + -9 + -49.
-45
What is the value of 28 + (25 - 30) + (-31 - 2)?
-10
-685 + 728 + (-37 - 0)
6
Evaluate 13 - (13 - -1 - (46 + 